 -2*(-3)/(-3) - -14. Let f = -8 + x. List the prime factors of f.
2
Let r(l) = 3*l**2 - l - 1. Let w be r(-1). Suppose 4*c - 3*n = 2*c - 17, 0 = 2*c + 2*n + 2. What are the prime factors of c/(-6)*1*w?
2
Suppose 0 = 6*g - 4*g - 342. What are the prime factors of (2/6)/(3/g)?
19
Let u(l) = l**2 - 7*l + 1. Suppose -16 = 4*n - 48. What are the prime factors of u(n)?
3
Suppose 2*c = -5*d + 101, 3*c - 97 = c - d. What are the prime factors of c?
2, 3
Suppose 0 = -4*u - u. Let z = -5 + u. Let k(x) = -x**2 - 7*x + 6. What are the prime factors of k(z)?
2
Suppose -8*l = -13*l + 585. What are the prime factors of l?
3, 13
Let f = -262 + 534. List the prime factors of f.
2, 17
Let y(m) = -m - 8. Let d be y(-7). What are the prime factors of d - -1*14 - 3?
2, 5
Let w be (9/(-15))/(3/(-45)). Suppose w = -4*x + 69. Suppose 0 = -5*q - x, -g + 2 = 2*q + q. What are the prime factors of g?
11
Let x(o) = -46*o**3 + 4*o. Let s be x(-2). List the prime factors of s/35 - (-2)/(-7).
2, 5
Let x(b) = -b + 26. Let n be x(16). Let p be 3/4 - 2/(-8). Suppose -i + n = -p. What are the prime factors of i?
11
Suppose 3*w + 47 = g, -3*g - 5*w + 155 = -0*g. What are the prime factors of g?
2, 5
Let j(c) = -c - c - 12 + 4*c. List the prime factors of j(10).
2
Let b = 257 - 153. List the prime factors of b.
2, 13
Let r(w) = -w**3 - 5*w**2 - 2*w - 51. What are the prime factors of r(-8)?
157
Let c = -10 + 20. Let x = c + -3. Let b = x - 3. What are the prime factors of b?
2
Let k(m) = -m**2 + 11*m - 14. List the prime factors of k(8).
2, 5
Suppose -5*z - 4*g = -g - 1, g - 3 = z. What are the prime factors of (z/(-2))/((-2)/(-52))?
13
List the prime factors of -1*(-3)/((-3)/(-158)).
2, 79
Let n = 11 + -2. Suppose 3*s - 3*f - 21 = 0, -5*s = f - n - 38. What are the prime factors of s?
3
Suppose 2*p = -4*n + 18, 14 = 3*n + 5*p - 10. What are the prime factors of n?
3
Suppose i - 4*x + 3 = -0, 0 = x - 5. What are the prime factors of i?
17
Let w(h) = -h**3 + 6*h**2 - 5*h - 3. Let m be w(5). List the prime factors of 21 + (m + 7)/4.
2, 11
Let d(x) = -2*x - 12. What are the prime factors of d(-8)?
2
Let h be (-4)/16 + (-84)/(-16). Suppose -h*f + 210 = -2*t, -3*t + 0*t - 95 = -2*f. List the prime factors of f.
2, 5
Let b = 4 + -1. Suppose -3*y = 5*w - 44 - 41, 15 = -b*y. What are the prime factors of w?
2, 5
Suppose -9 = -3*j - 0. Let i = 5 - j. What are the prime factors of i?
2
Let w(z) = -z + 27. What are the prime factors of w(8)?
19
Suppose -3*v + 1352 = 371. What are the prime factors of v?
3, 109
Let t = 29 - 24. Let y = -112 - -199. Suppose -t*c = v - 16, 0*c + 3*c = 4*v - y. What are the prime factors of v?
3, 7
What are the prime factors of 7/(14/6) + 5?
2
Suppose -3*p = 2*o, -5*o - 13 = -3*p + 8. What are the prime factors of p?
2
Suppose 5*f = -3 + 13. Suppose 0 = 2*x - f - 4. What are the prime factors of (-20)/(-3) - (-1)/x?
7
Suppose 5*o + 5 = -5. Let b = o + 2. Suppose b = 2*a - a - 4. What are the prime factors of a?
2
Suppose 0 = 5*l - 20 - 80. Let f = -35 + l. What are the prime factors of 6/f + (-57)/(-5)?
11
Let l(d) = 9 + d**2 + 19 + 8 - 9. List the prime factors of l(0).
3
What are the prime factors of (-60)/(-2) + (-2 - 1)?
3
Let q(s) = 6*s**2. Suppose 0*b = -3*b. Suppose -12 = 3*a, -a + b - 1 = 3*u. List the prime factors of q(u).
2, 3
Let z = 71 + -59. List the prime factors of z.
2, 3
Suppose -3*d - 4*i = -150, 2*i - 2 = 4. Suppose -2*j + d = 6. Suppose -o - j = -5*o. What are the prime factors of o?
5
Suppose 5*t - 3*h - 259 = 0, -5*t - h = -154 - 113. List the prime factors of t.
53
Suppose 0*f = -5*f + 45. Let n = -8 + f. What are the prime factors of (9/(-9))/(n/(-2))?
2
Let f(i) = i**2 - 10*i + 5. Let t be f(6). Let s = 4 + t. Let v = -10 - s. List the prime factors of v.
5
Let k(i) = -16*i - 21. List the prime factors of k(-11).
5, 31
Let i(k) = k + 66. List the prime factors of i(19).
5, 17
Let g(x) = -x + 6*x + x. Let y = 5 + -3. List the prime factors of g(y).
2, 3
Let s = 38 + -18. Suppose -3*o = o - s. Suppose -r + 31 = 4*n, -2*r + 5*n + 2 = o. What are the prime factors of r?
11
Suppose 0 = 3*p - 40 - 5. Let l = p - -19. What are the prime factors of l?
2, 17
Let d = -6 - -11. Suppose -d = -2*r + 15. List the prime factors of r.
2, 5
Let c(t) = 10*t**2 - 2*t - 1. Let j be c(2). Let f = 50 - j. List the prime factors of f.
3, 5
Let a be 0 - 0 - -29 - -1. Let i = -39 + 24. Let q = a + i. List the prime factors of q.
3, 5
Let p = -13 - 8. Let z = 12 - p. What are the prime factors of z?
3, 11
Let n(h) = -h - 1. Let x be n(-5). Suppose -15 = 2*j - 3*j + 2*v, x*j - v - 32 = 0. List the prime factors of j.
7
Let w(t) = 2*t**2 - 12. What are the prime factors of w(7)?
2, 43
Let z(v) = v**2 + 14*v - 25. List the prime factors of z(-18).
47
Let t = 453 + -262. What are the prime factors of t?
191
Suppose -15*y + 1098 = -942. What are the prime factors of y?
2, 17
List the prime factors of (-6)/1*(-4)/6*28.
2, 7
Suppose 0 = -c - c + 10. Let z be -1 + 2 - (-2 + c). List the prime factors of 0 + 13 + (z - -1).
2, 3
Let s(r) = r**2 + 5*r + 6. Let o be s(-5). Suppose 2*c - o*c + 104 = 0. What are the prime factors of c?
2, 13
Let r(v) = -v - 6. Let o be r(-5). Let k = o - -5. Suppose -2*l - 16 = -k*l. List the prime factors of l.
2
Let o be 69*(-2 + 1 + 2). Suppose -5*f + 4 - o = 0. List the prime factors of 2/(-6) - f/3.
2
Suppose 252 = 4*l + 4*m, 2*l - m = 4*l - 126. What are the prime factors of l?
3, 7
Let n(j) = -j**3 - 5*j**2 - j - 1. What are the prime factors of n(-5)?
2
Let l(u) = 43*u + 1. Let b be l(1). Suppose 0 = 2*c + 2, -b = -2*k + c + 3*c. List the prime factors of k.
2, 5
Suppose -2*a = 3*v + 1, 5*v + 5 = -a - 6. List the prime factors of -4*v/24*76.
2, 19
Suppose 3*i + 4*n - 628 = 144, 0 = 2*i + 5*n - 524. What are the prime factors of i?
2, 3, 7
Suppose 45 = -0*v + 5*v. Suppose -5*w = -v - 21. What are the prime factors of w?
2, 3
Let l(c) be the second derivative of c**3/3 - c**2/2 + 2*c. List the prime factors of l(4).
7
Let n be ((-4)/(2 + 0))/2. Let y = -1 - n. Let c = 12 - y. List the prime factors of c.
2, 3
Suppose 0 = 5*a - 4*x - 74, a + 32 = 3*a - x. What are the prime factors of a?
2, 3
Let g(r) = r + 3. Let s be g(-2). Suppose -j + 6 + s = 0. What are the prime factors of j?
7
Let w = 89 + -131. List the prime factors of 9/(-6)*w/9.
7
Suppose 0*k = k - 8. Let x(c) = c**2 - 7*c + 4. Let r be x(7). Suppose r*g - k = 4. What are the prime factors of g?
3
What are the prime factors of 2/9 + 475/9?
53
Let g = -4 + 12. Suppose g*x - 40 = 4*x. List the prime factors of x.
2, 5
Let p be 0/1 - 16/(-4). Suppose -p*i = i. Suppose i*u + 20 = 2*u. List the prime factors of u.
2, 5
Let k(t) = 5*t**3 - 6*t**2 - t - 4. Let p(g) = -6*g**3 + 7*g**2 + g + 4. Let m(w) = 5*k(w) + 4*p(w). List the prime factors of m(3).
2
Suppose t - 9 = -3. What are the prime factors of 1 - (-3)/(t/2)?
2
Let t be (-16)/(-6) - 1/(-3). Suppose 3*z + 30 = s - t*s, -s + z - 25 = 0. What are the prime factors of 88/14 + 6/s?
2, 3
Suppose -41 = 3*f - 119. Suppose 2*z + z + 60 = -4*l, 2*z = 2*l - f. Let c = z + 23. What are the prime factors of c?
7
Let j be 1*2 + 10/5. Let k be (-20)/j*2/(-5). Suppose 8 = x - 0*x - 3*w, -2*w = x + k. What are the prime factors of x?
2
Let o be (13*2)/(-11 - -9). Let i = -6 - o. What are the prime factors of i?
7
Suppose -4*c + 2*c = 0, 0 = -2*v - 5*c + 52. List the prime factors of v.
2, 13
Let f(v) = v**3 + 4*v**2 - 4*v - 5. Let o be f(-5). Let p be ((-15)/o)/(2/4). Suppose -p*s + 28 = -s. List the prime factors of s.
2, 7
Suppose 2*r = -0*c - 2*c + 46, -2*r = 4. Suppose 0 = -2*x + 5*h - 2*h - 3, -5*x = -h - c. List the prime factors of x.
2, 3
What are the prime factors of 31 + 1 + (1 - -1)?
2, 17
Suppose 45 = i + 4*j, -5*i = j - 247 + 41. What are the prime factors of i?
41
Suppose -4*u + 144 = -52. Suppose -m + 2 = q + 1, -q + 16 = -4*m. Suppose -4*f + r + 59 = f, -u = -3*f + q*r. List the prime factors of f.
11
Let m(h) = 3*h**2 - 3*h - 1. List the prime factors of m(-1).
5
Let f = -16 - 2. Let g = 20 + f. List the prime factors of g.
2
Let p be 8 - (-3 - (3 + -9)). Suppose 4*o - 11 = p*w - 4*w, 0 = -w + 2*o - 3. What are the prime factors of w?
5
Let o be (0 - 0) + (0 - -2). Let x(r) = r**2 - 2*r + 2. Let j be x(2). Suppose 0 = 